, what is 2102012 + 12?
2102101
In base 2, what is -11010110 - 100?
-11011010
In base 12, what is 1a - -132?
150
In base 15, what is -e + 52?
43
In base 8, what is -542 + 2?
-540
In base 5, what is 20003 + -2?
20001
In base 8, what is 3721 + 2?
3723
In base 10, what is -2 + 241?
239
In base 16, what is 14 + -12?
2
In base 9, what is -37 - -5?
-32
In base 4, what is 3212 + 1?
3213
In base 10, what is 308 + -6?
302
In base 2, what is -101 + 11001000110?
11001000001
In base 2, what is -101011100 - -110110?
-100100110
In base 9, what is -62 - -11?
-51
In base 12, what is 6 + -1250?
-1246
In base 4, what is -2 - 201?
-203
In base 11, what is 2 - -2067?
2069
In base 5, what is -2 - 304?
-311
In base 15, what is 1 - 73?
-72
In base 14, what is 107 - -3?
10a
In base 6, what is 40 - -50?
130
In base 16, what is b + -15?
-a
In base 13, what is -3 - 2b6?
-2b9
In base 6, what is 2 + -10?
-4
In base 14, what is -ca - -13?
-b7
In base 16, what is 4 + -6?
-2
In base 2, what is 11010010100 - 1?
11010010011
In base 6, what is -1 - -220?
215
In base 12, what is 20 + 1?
21
In base 14, what is 15a6 - 4?
15a2
In base 4, what is -10 - 2302?
-2312
In base 6, what is -13 - 345?
-402
In base 7, what is 1 - -121?
122
In base 14, what is -146 + 0?
-146
In base 11, what is -1a735 + -1?
-1a736
In base 16, what is -1 - ad?
-ae
In base 13, what is 2a9 - -3?
2ac
In base 9, what is -1200 - -3?
-1186
In base 2, what is -1 - -1000101?
1000100
In base 14, what is -29 + 4?
-25
In base 8, what is -46 - 110?
-156
In base 16, what is 3 - 48?
-45
In base 15, what is 4 + 4ba?
4be
In base 6, what is 243 - -13?
300
In base 16, what is 232 - -3?
235
In base 10, what is -901 + -2?
-903
In base 4, what is -20220 - 103?
-20323
In base 15, what is -61 - 0?
-61
In base 5, what is 133 + 102?
240
In base 6, what is 3044 + 5?
3053
In base 11, what is -14 + -2a?
-43
In base 15, what is -19 - -1?
-18
In base 12, what is 5 - -5a?
63
In base 11, what is -1 - 12?
-13
In base 3, what is -102 + -1020121?
-1021000
In base 14, what is -43 + 2?
-41
In base 16, what is 4 - -1d8?
1dc
In base 7, what is -3 + 340?
334
In base 10, what is -17 + 0?
-17
In base 8, what is -2 + -10?
-12
In base 11, what is 23 - 7?
17
In base 14, what is -12 + -11?
-23
In base 3, what is 1102100 + 12?
1102112
In base 15, what is 5 - 27b?
-276
In base 15, what is 0 + -ce?
-ce
In base 6, what is 24 + -100?
-32
In base 11, what is -6 + 14?
9
In base 7, what is -125 + -1?
-126
In base 14, what is 0 + -228?
-228
In base 8, what is -437 + 50?
-367
In base 14, what is 1 + -132?
-131
In base 15, what is -d - -26?
18
In base 9, what is 4 + -37?
-33
In base 13, what is 33 - 96?
-63
In base 16, what is 14 - 4a?
-36
In base 12, what is 0 - -140?
140
In base 4, what is 2103 + 11?
2120
In base 14, what is -8 - 2b?
-35
In base 16, what is 9 - -93?
9c
In base 11, what is 204 + 18?
221
In base 11, what is -276 - -4?
-272
In base 11, what is -2066 - 4?
-206a
In base 7, what is 36 - -25?
64
In base 12, what is 0 - 17?
-17
In base 7, what is -54 - -5?
-46
In base 4, what is -11 - -302?
231
In base 14, what is -6 - -22a?
224
In base 3, what is -1001 + -20201?
-21202
In base 10, what is 0 - 162?
-162
In base 4, what is 13133002 - 3?
13132333
In base 11, what is -2 + -20a4?
-20a6
In base 9, what is 0 + 133?
133
In base 12, what is 996 - -8?
9a2
In base 15, what is -9b3 - -5?
-9ad
In base 6, what is 33 - -10?
43
In base 11, what is -1 + -232?
-233
In base 11, what is 3 - 45?
-42
In base 10, what is 597 + 0?
597
In base 12, what is 24 - 5?
1b
In base 6, what is -1 + 555?
554
In base 6, what is 0 - 104?
-104
In base 12, what is b1 + 9?
ba
In base 12, what is -3 + -a16?
-a19
In base 2, what is 0 + -101111101?
-101111101
In base 9, what is 72 - -7?
80
In base 6, what is 220 - -5?
225
In base 4, what is -1 - 133?
-200
In base 15, what is -18 + 2?
-16
In base 14, what is b0c - 0?
b0c
In base 15, what is -4 + -18?
-1c
In base 3, what is 211002 - -11?
211020
In base 12, what is -4 - -1945?
1941
In base 9, what is 5 + -1368?
-1363
In base 13, what is -149 - -1?
-148
In base 3, what is -10 - 10110?
-10120
In base 7, what is 1145 + 1?
1146
In base 9, what is -1 + -376?
-377
In base 10, what is -12 + 15?
3
In base 16, what is -12 + -133?
-145
In base 6, what is 1 + -531?
-530
In base 10, what is -55 - 27?
-82
In base 11, what is 4 - -4988?
4991
In base 6, what is 2 - -131?
133
In base 2, what is 1010 - 100101000?
-100011110
In base 10, what is 2 - -98?
100
In base 16, what is 3 - -1cd?
1d0
In base 10, what is -25 - -16?
-9
In base 11, what is -634a - 4?
-6353
In base 3, what is 1110 - -21?
1201
In base 16, what is 8 + c?
14
In base 4, what is 2 + 121303?
121311
In base 6, what is 5 + -105?
-100
In base 13, what is 2 - 2c?
-2a
In base 9, what is -2003 - 8?
-2012
In base 16, what is -109 - 1?
-10a
In base 4, what is 11 + -310320?
-310303
In base 11, what is 2 - -8?
a
In base 12, what is -5 + 8a?
85
In base 4, what is 3 + -203?
-200
In base 7, what is 164 + 5?
202
In base 6, what is -15114 - 5?
-15123
In base 11, what is -24 - 142?
-166
In base 4, what is -3 - 2311?
-2320
In base 4, what is -3 - -1201?
1132
In base 5, what is -4 - 322?
-331
In base 9, what is 41 - -12?
53
In base 7, what is 5 - -51?
56
In base 8, what is -20703 - -3?
-20700
In base 14, what is -183 + -5?
-188
In base 15, what is -4 - b7e?
-b83
In base 3, what is 2012212 + 2?
2012221
In base 15, what is -c + -388?
-395
In base 4, what is -3330 - 1?
-3331
In base 12, what is 79 - 3?
76
In base 11, what is 92 - 10?
82
In base 11, what is 37 - -4?
40
In base 8, what is 17 - -45?
64
In base 12, what is 574 - 1?
573
In base 10, what is 1482 + -3?
1479
In base 10, what is 5 + -373?
-368
In base 2, what is -10100100011 + 100?
-10100011111
In base 13, what is -3 - -2231?
222b
In base 7, what is 5 + 15?
23
In base 5, what is -30 - -1042?
1012
In base 12, what is 2 - 3827?
-3825
In base 7, what is -3 - 564?
-600
In base 7, what is -36 - -52?
13
In base 13, what is 1c - 0?
1c
In base 14, what is 4 + 285?
289
In base 16, what is 52 - -1?
53
In base 9, what is -156 + -46?
-213
In base 8, what is -1213 - -4?
-1207
In base 2, what is -11010001 - -10001?
-11000000
In base 12, what is -4a - 50?
-9a
In base 15, what is -26d - 2?
-270
In base 13, what is 739 - -3?
73c
In base 3, what is 11 - -102102?
102120
In base 11, what is -9302 - -5?
-92a8
In base 7, what is 3 - 354?
-351
In base 2, what is 11000010111 + 10?
11000011001
In base 15, what is 3 + d?
11
In base 7, what is 14 + -2240?
-2223
In base 14, what is 17 + 176?
18d
In base 11, what is 3 - -126?
129
In base 3, what is 10 - 2012?
-2002
In base 3, what is -11 - 10120?
-10201
In base 8, what is -53 + -6?
-61
In base 9, what is 0 - -133?
133
In base 13, what is 2 + 459?
45b
In base 13, what is -97 - -18?
-7c
In base 15, what is 1b + 42?
5d
In base 8, what is 2 - 0?
2
In base 8, what is 11 + -31?
-20
In base 13, what is -766 + 4?
-762
In base 9, what is -203 - -2?
-201
In base 11, what is -15194 + -2?
-15196
In base 4, what is 2 - -2222?
2230
In base 10, what is 2326 - 1?
2325
In base 16, what is 29c + 5?
2a1
In base 5, what is -10 - 43?
-103
In base 12, what is 874 + 1?
875
In base 10, what is -117 + 3?
-114
In base 11, what is -2 + 1868?
1866
In base 4, what is -320 + 0?
-320
In base 15, what is -a2 + 9?
-98
In base 4, what is 1 - 30110?
-30103
In base 2, what is 11 - -1000100111?
1000101010
In base 16, what is -a + c9?
bf
In base 6, what is -142 + 301?
115
In base 12, what is 347 + -4?
343
In base 5, what is 200 - -1?
201
In base 9, what is -3035 - 0?
-3035
In base 5, what is 40 + 10?
100
In base 9, what is -2418 + -4?
-2423
In base 15, what is -1e - 4?
-23
In base 7, what is -11052 + -2?
-11054
In base 16, what is 0 + -28?
-28
In base 4, what is 2221 - -2?
2223
In base 10, what is 688 - 0?
688
In base 6, what is 21 - 111?
-50
In base 3, what is -12122020 + -1?
-12122021
In base 5, what is 1 + 1211?
1212
In base 13, what is 17c - -7?
186
In base 3, what is 10200 - 1221?
1202
In base 11, what is 335 + 5?
33a
In base 13, what is -b15 + -5?
-b1a
In base 15, what is 40 + -5?
3a
In base 4, what is -2013333 + -1?
-2020000
In base 14, what is -20 + 275?
255
In base 14, what is 1 - 311?
-310
In base 4, what is -21111 + 20?
-21031
In base 11, what is -679 + -4?
-682
In 